nder when 304475 is divided by 13238.
1
Calculate the remainder when 90025 is divided by 30.
25
Calculate the remainder when 5222 is divided by 1640.
302
Calculate the remainder when 171518 is divided by 10719.
14
Calculate the remainder when 17637 is divided by 188.
153
What is the remainder when 7191 is divided by 148?
87
What is the remainder when 15977 is divided by 30?
17
Calculate the remainder when 302 is divided by 123.
56
Calculate the remainder when 4334076 is divided by 1693.
1689
What is the remainder when 161140 is divided by 57?
1
What is the remainder when 5707 is divided by 84?
79
What is the remainder when 2057 is divided by 2032?
25
What is the remainder when 11765 is divided by 310?
295
What is the remainder when 203056 is divided by 251?
248
What is the remainder when 44547 is divided by 225?
222
What is the remainder when 12581 is divided by 394?
367
Calculate the remainder when 103053 is divided by 386.
377
What is the remainder when 4197 is divided by 1966?
265
What is the remainder when 1312603 is divided by 81?
79
What is the remainder when 11709 is divided by 780?
9
What is the remainder when 503340 is divided by 76?
68
What is the remainder when 1279729 is divided by 71096?
1
What is the remainder when 11993 is divided by 255?
8
What is the remainder when 12588 is divided by 74?
8
What is the remainder when 2633 is divided by 445?
408
What is the remainder when 4351 is divided by 78?
61
What is the remainder when 11032 is divided by 262?
28
What is the remainder when 41715 is divided by 10426?
11
Calculate the remainder when 4611 is divided by 7.
5
What is the remainder when 17276 is divided by 596?
588
Calculate the remainder when 97942 is divided by 106.
104
Calculate the remainder when 79461 is divided by 593.
592
Calculate the remainder when 785404 is divided by 256.
252
Calculate the remainder when 289302 is divided by 10332.
6
Calculate the remainder when 10558 is divided by 264.
262
Calculate the remainder when 104515 is divided by 959.
943
What is the remainder when 278255 is divided by 39749?
12
What is the remainder when 112804 is divided by 77?
76
Calculate the remainder when 14800 is divided by 4927.
19
Calculate the remainder when 1071370 is divided by 762.
760
Calculate the remainder when 14224 is divided by 804.
556
What is the remainder when 3355 is divided by 1097?
64
What is the remainder when 40375 is divided by 13456?
7
Calculate the remainder when 894 is divided by 138.
66
Calculate the remainder when 5539 is divided by 503.
6
What is the remainder when 2821 is divided by 2727?
94
What is the remainder when 385566 is divided by 128518?
12
What is the remainder when 17154 is divided by 657?
72
What is the remainder when 214025 is divided by 41?
5
Calculate the remainder when 5805 is divided by 1153.
40
Calculate the remainder when 1931 is divided by 48.
11
What is the remainder when 107768 is divided by 351?
11
Calculate the remainder when 1825 is divided by 825.
175
Calculate the remainder when 720052 is divided by 35.
32
Calculate the remainder when 220240 is divided by 778.
66
Calculate the remainder when 95201 is divided by 4533.
8
Calculate the remainder when 17739 is divided by 3497.
254
What is the remainder when 268085 is divided by 190?
185
Calculate the remainder when 567933 is divided by 1171.
1169
What is the remainder when 16161 is divided by 424?
49
Calculate the remainder when 721 is divided by 66.
61
What is the remainder when 85698 is divided by 14283?
0
What is the remainder when 31043 is divided by 621?
614
Calculate the remainder when 46009 is divided by 15328.
25
Calculate the remainder when 4182 is divided by 40.
22
Calculate the remainder when 57673 is divided by 55.
33
Calculate the remainder when 2067 is divided by 487.
119
What is the remainder when 121887 is divided by 208?
207
Calculate the remainder when 4476892 is divided by 515.
512
Calculate the remainder when 71728 is divided by 7969.
7
What is the remainder when 826247 is divided by 22?
15
What is the remainder when 1044729 is divided by 78?
75
What is the remainder when 31791 is divided by 3028?
1511
Calculate the remainder when 27323 is divided by 79.
68
What is the remainder when 16007 is divided by 3201?
2
Calculate the remainder when 4340 is divided by 2146.
48
What is the remainder when 330294 is divided by 33?
30
What is the remainder when 660 is divided by 373?
287
What is the remainder when 225890 is divided by 214?
120
What is the remainder when 4693 is divided by 18?
13
Calculate the remainder when 7906 is divided by 397.
363
What is the remainder when 164252 is divided by 164212?
40
Calculate the remainder when 1976 is divided by 367.
141
Calculate the remainder when 391816 is divided by 65.
61
What is the remainder when 2108 is divided by 424?
412
What is the remainder when 5976 is divided by 316?
288
What is the remainder when 18276 is divided by 1499?
288
Calculate the remainder when 8969 is divided by 390.
389
Calculate the remainder when 1708 is divided by 260.
148
Calculate the remainder when 3826 is divided by 46.
8
What is the remainder when 3152 is divided by 61?
41
Calculate the remainder when 33340 is divided by 33248.
92
What is the remainder when 4329 is divided by 76?
73
What is the remainder when 1989 is divided by 21?
15
What is the remainder when 692 is divided by 39?
29
Calculate the remainder when 953 is divided by 189.
8
What is the remainder when 70485 is divided by 750?
735
Calculate the remainder when 1344 is divided by 15.
9
Calculate the remainder when 44123 is divided by 152.
43
Calculate the remainder when 16414 is divided by 102.
94
What is the remainder when 105171 is divided by 8086?
53
What is the remainder when 3398 is divided by 2222?
1176
Calculate the remainder when 29063 is divided by 126.
83
What is the remainder when 255154 is divided by 725?
679
What is the remainder when 31483 is divided by 424?
107
Calculate the remainder when 2802741 is divided by 504.
501
Calculate the remainder when 440559 is divided by 202.
199
What is the remainder when 5350 is divided by 5348?
2
What is the remainder when 24906 is divided by 48?
42
Calculate the remainder when 8725 is divided by 513.
4
Calculate the remainder when 11173 is divided by 2786.
29
Calculate the remainder when 898199 is divided by 67.
64
What is the remainder when 26512 is divided by 24?
16
Calculate the remainder when 1023 is divided by 271.
210
Calculate the remainder when 6353 is divided by 205.
203
Calculate the remainder when 103929 is divided by 188.
153
Calculate the remainder when 923156 is divided by 461573.
10
What is the remainder when 9429 is divided by 178?
173
What is the remainder when 1084 is divided by 483?
118
Calculate the remainder when 82572 is divided by 20.
12
What is the remainder when 495826 is divided by 191?
181
Calculate the remainder when 3183 is divided by 10.
3
What is the remainder when 55513 is divided by 3084?
1
What is the remainder when 835795 is divided by 420?
415
Calculate the remainder when 1861 is divided by 1081.
780
Calculate the remainder when 138406 is divided by 1821.
10
What is the remainder when 2588 is divided by 2578?
10
What is the remainder when 1796337 is divided by 294?
291
What is the remainder when 852703 is divided by 852685?
18
What is the remainder when 46242 is divided by 131?
130
What is the remainder when 83326 is divided by 56?
54
What is the remainder when 818 is divided by 806?
12
What is the remainder when 1228 is divided by 428?
372
What is the remainder when 5766 is divided by 1426?
62
What is the remainder when 8815 is divided by 1756?
35
What is the remainder when 1610432 is divided by 760?
752
What is the remainder when 150389 is divided by 555?
539
Calculate the remainder when 27249 is divided by 218.
217
Calculate the remainder when 1167015 is divided by 123.
114
Calculate the remainder when 321000 is divided by 123.
93
Calculate the remainder when 8994 is divided by 866.
334
What is the remainder when 1455 is divided by 624?
207
Calculate the remainder when 2805281 is divided by 31.
29
Calculate the remainder when 272364 is divided by 571.
568
Calculate the remainder when 62369 is divided by 66.
65
What is the remainder when 71265 is 